{"id":159,"date":"2016-07-08T14:41:03","date_gmt":"2016-07-08T12:41:03","guid":{"rendered":"http:\/\/www.schlosscarree.de\/urologie\/?page_id=159"},"modified":"2025-06-16T13:52:58","modified_gmt":"2025-06-16T11:52:58","slug":"eswl","status":"publish","type":"page","link":"https:\/\/www.schlosscarree.de\/urologie\/eswl\/","title":{"rendered":"ESWL Extrakorporale Sto\u00dfwellen-Lithotripsie"},"content":{"rendered":"\t\t<div data-elementor-type=\"wp-page\" data-elementor-id=\"159\" class=\"elementor elementor-159\" data-elementor-post-type=\"page\">\n\t\t\t\t\t\t<section class=\"elementor-section elementor-top-section elementor-element elementor-element-17ed1421 elementor-section-boxed elementor-section-height-default elementor-section-height-default\" data-id=\"17ed1421\" data-element_type=\"section\" data-e-type=\"section\">\n\t\t\t\t\t\t<div class=\"elementor-container elementor-column-gap-default\">\n\t\t\t\t\t<div class=\"elementor-column elementor-col-100 elementor-top-column elementor-element elementor-element-a9c7d9e\" data-id=\"a9c7d9e\" data-element_type=\"column\" data-e-type=\"column\">\n\t\t\t<div class=\"elementor-widget-wrap elementor-element-populated\">\n\t\t\t\t\t\t<div class=\"elementor-element elementor-element-3fae657 elementor-widget-tablet__width-auto elementor-widget elementor-widget-heading\" data-id=\"3fae657\" data-element_type=\"widget\" data-e-type=\"widget\" data-widget_type=\"heading.default\">\n\t\t\t\t<div class=\"elementor-widget-container\">\n\t\t\t\t\t<h4 class=\"elementor-heading-title elementor-size-default\">ESWL Extrakorporale Sto\u00dfwellen-Lithotripsie<\/h4>\t\t\t\t<\/div>\n\t\t\t\t<\/div>\n\t\t\t\t\t<\/div>\n\t\t<\/div>\n\t\t\t\t\t<\/div>\n\t\t<\/section>\n\t\t\t\t<section class=\"elementor-section elementor-top-section elementor-element elementor-element-ded8d6c elementor-section-boxed elementor-section-height-default elementor-section-height-default\" data-id=\"ded8d6c\" data-element_type=\"section\" data-e-type=\"section\">\n\t\t\t\t\t\t<div class=\"elementor-container elementor-column-gap-default\">\n\t\t\t\t\t<div class=\"elementor-column elementor-col-50 elementor-top-column elementor-element elementor-element-292e14b5\" data-id=\"292e14b5\" data-element_type=\"column\" data-e-type=\"column\">\n\t\t\t<div class=\"elementor-widget-wrap elementor-element-populated\">\n\t\t\t\t\t\t<div class=\"elementor-element elementor-element-39bcb2ff elementor-widget elementor-widget-text-editor\" data-id=\"39bcb2ff\" data-element_type=\"widget\" data-e-type=\"widget\" data-widget_type=\"text-editor.default\">\n\t\t\t\t<div class=\"elementor-widget-container\">\n\t\t\t\t\t\t\t\t\t<p>ESWL ist eine Abk\u00fcrzung f\u00fcr Extrakorporale Sto\u00dfwellen-Lithotripsie. <b>Nieren- oder Harnleitersteine<\/b>, die durch den Einsatz von aufl\u00f6senden Medikamenten nicht beseitigt werden k\u00f6nnen oder konnten, werden mittels der so genannten Sto\u00dfwellentherapie <b>zertr\u00fcmmert<\/b>.<\/p><p>Die Tr\u00fcmmerst\u00fccke werden anschlie\u00dfend auf nat\u00fcrlichem Wege mit dem Urin ausgeschieden. Es handelt sich um eine Behandlung, die von au\u00dfen auf den K\u00f6rper wirkt, d.h. sie ist kein chirurgischer Eingriff. Ein ESWL-Ger\u00e4t erzeugt <b>Sto\u00dfwellen<\/b>, die dort geb\u00fcndelt werden, wo der Stein liegt. Da die Harnsteine einen anderen Widerstand f\u00fcr Sto\u00dfwellen bieten als das sie umgebende Gewebe, treten in ihnen Kr\u00e4fte auf, die zur Zerst\u00f6rung des Steins f\u00fchren.<\/p><p>Einmal im Monat wird ein <b>mobiles ESWL-Ger\u00e4t<\/b> im AOZ (ambulantes Operationszentrum) Celler Str. aufgebaut. Dort f\u00fchren wir dann die Steinzertr\u00fcmmerung durch. Begleitet wird die Behandlung von den Kollegen der Narkoseabteilung. Damit k\u00f6nnen wir individuell f\u00fcr jeden Patienten eine <b>fast v\u00f6llig schmerzfreie Behandlung<\/b> anbieten.<\/p><p><b>Weitere Informationen \u00fcber die ESWL<\/b> finden Sie<span style=\"text-decoration: underline;\">\u00a0<a href=\"http:\/\/www.medizinfo.de\/nieren\/nierensteine\/eswl.shtml\" target=\"_blank\" rel=\"noopener\"><b>hier<\/b><\/a> <\/span>(externer Link)<\/p><p><\/p>\t\t\t\t\t\t\t\t<\/div>\n\t\t\t\t<\/div>\n\t\t\t\t\t<\/div>\n\t\t<\/div>\n\t\t\t\t<div class=\"elementor-column elementor-col-50 elementor-top-column elementor-element elementor-element-1892042\" data-id=\"1892042\" data-element_type=\"column\" data-e-type=\"column\">\n\t\t\t<div class=\"elementor-widget-wrap elementor-element-populated\">\n\t\t\t\t\t\t<section class=\"elementor-section elementor-inner-section elementor-element elementor-element-b5af85d elementor-section-boxed elementor-section-height-default elementor-section-height-default\" data-id=\"b5af85d\" data-element_type=\"section\" data-e-type=\"section\">\n\t\t\t\t\t\t<div class=\"elementor-container elementor-column-gap-default\">\n\t\t\t\t\t<div class=\"elementor-column elementor-col-100 elementor-inner-column elementor-element elementor-element-fa65ce1\" data-id=\"fa65ce1\" data-element_type=\"column\" data-e-type=\"column\">\n\t\t\t<div class=\"elementor-widget-wrap elementor-element-populated\">\n\t\t\t\t\t\t<div class=\"elementor-element elementor-element-02fbcfa elementor-widget__width-auto elementor-widget elementor-widget-image\" data-id=\"02fbcfa\" data-element_type=\"widget\" data-e-type=\"widget\" data-widget_type=\"image.default\">\n\t\t\t\t<div class=\"elementor-widget-container\">\n\t\t\t\t\t\t\t\t\t\t\t\t\t\t\t<img decoding=\"async\" width=\"225\" height=\"150\" src=\"https:\/\/www.schlosscarree.de\/urologie\/wp-content\/uploads\/2016\/07\/urologie-eswl.jpg\" class=\"attachment-large size-large wp-image-160\" alt=\"\" \/>\t\t\t\t\t\t\t\t\t\t\t\t\t\t\t<\/div>\n\t\t\t\t<\/div>\n\t\t\t\t\t<\/div>\n\t\t<\/div>\n\t\t\t\t\t<\/div>\n\t\t<\/section>\n\t\t\t\t\t<\/div>\n\t\t<\/div>\n\t\t\t\t\t<\/div>\n\t\t<\/section>\n\t\t\t\t<\/div>\n\t\t","protected":false},"excerpt":{"rendered":"<p>ESWL Extrakorporale Sto\u00dfwellen-Lithotripsie ESWL ist eine Abk\u00fcrzung f\u00fcr Extrakorporale Sto\u00dfwellen-Lithotripsie. Nieren- oder Harnleitersteine, die durch den Einsatz von aufl\u00f6senden Medikamenten nicht beseitigt werden k\u00f6nnen oder konnten, werden mittels der so genannten Sto\u00dfwellentherapie zertr\u00fcmmert. Die Tr\u00fcmmerst\u00fccke werden anschlie\u00dfend auf nat\u00fcrlichem Wege mit dem Urin ausgeschieden. Es handelt sich um eine Behandlung, die von au\u00dfen auf den [&hellip;]<\/p>\n","protected":false},"author":1,"featured_media":0,"parent":0,"menu_order":0,"comment_status":"closed","ping_status":"closed","template":"","meta":{"footnotes":""},"class_list":["post-159","page","type-page","status-publish","hentry"],"aioseo_notices":[],"_links":{"self":[{"href":"https:\/\/www.schlosscarree.de\/urologie\/wp-json\/wp\/v2\/pages\/159","targetHints":{"allow":["GET"]}}],"collection":[{"href":"https:\/\/www.schlosscarree.de\/urologie\/wp-json\/wp\/v2\/pages"}],"about":[{"href":"https:\/\/www.schlosscarree.de\/urologie\/wp-json\/wp\/v2\/types\/page"}],"author":[{"embeddable":true,"href":"https:\/\/www.schlosscarree.de\/urologie\/wp-json\/wp\/v2\/users\/1"}],"replies":[{"embeddable":true,"href":"https:\/\/www.schlosscarree.de\/urologie\/wp-json\/wp\/v2\/comments?post=159"}],"version-history":[{"count":22,"href":"https:\/\/www.schlosscarree.de\/urologie\/wp-json\/wp\/v2\/pages\/159\/revisions"}],"predecessor-version":[{"id":3769,"href":"https:\/\/www.schlosscarree.de\/urologie\/wp-json\/wp\/v2\/pages\/159\/revisions\/3769"}],"wp:attachment":[{"href":"https:\/\/www.schlosscarree.de\/urologie\/wp-json\/wp\/v2\/media?parent=159"}],"curies":[{"name":"wp","href":"https:\/\/api.w.org\/{rel}","templated":true}]}}