{"id":2883,"date":"2024-01-07T23:00:20","date_gmt":"2024-01-07T22:00:20","guid":{"rendered":"http:\/\/www.schlosscarree.de\/urologie\/?page_id=2883"},"modified":"2026-01-27T22:23:55","modified_gmt":"2026-01-27T21:23:55","slug":"nachop","status":"publish","type":"page","link":"https:\/\/www.schlosscarree.de\/urologie\/nachop\/","title":{"rendered":"Hinweise nach Ihrer OP"},"content":{"rendered":"\t\t<div data-elementor-type=\"wp-page\" data-elementor-id=\"2883\" class=\"elementor elementor-2883\" data-elementor-post-type=\"page\">\n\t\t\t\t\t\t<section class=\"elementor-section elementor-top-section elementor-element elementor-element-c1071e9 elementor-section-boxed elementor-section-height-default elementor-section-height-default\" data-id=\"c1071e9\" data-element_type=\"section\" data-e-type=\"section\">\n\t\t\t\t\t\t<div class=\"elementor-container elementor-column-gap-default\">\n\t\t\t\t\t<div class=\"elementor-column elementor-col-100 elementor-top-column elementor-element elementor-element-20e761f\" data-id=\"20e761f\" data-element_type=\"column\" data-e-type=\"column\">\n\t\t\t<div class=\"elementor-widget-wrap elementor-element-populated\">\n\t\t\t\t\t\t<div class=\"elementor-element elementor-element-9a13a94 elementor-widget elementor-widget-heading\" data-id=\"9a13a94\" data-element_type=\"widget\" data-e-type=\"widget\" data-widget_type=\"heading.default\">\n\t\t\t\t<div class=\"elementor-widget-container\">\n\t\t\t\t\t<h4 class=\"elementor-heading-title elementor-size-default\">Hinweise nach Ihrer OP<\/h4>\t\t\t\t<\/div>\n\t\t\t\t<\/div>\n\t\t\t\t\t<\/div>\n\t\t<\/div>\n\t\t\t\t\t<\/div>\n\t\t<\/section>\n\t\t\t\t<section class=\"elementor-section elementor-top-section elementor-element elementor-element-c44082b elementor-section-content-middle elementor-section-boxed elementor-section-height-default elementor-section-height-default\" data-id=\"c44082b\" data-element_type=\"section\" data-e-type=\"section\">\n\t\t\t\t\t\t<div class=\"elementor-container elementor-column-gap-no\">\n\t\t\t\t\t<div class=\"elementor-column elementor-col-100 elementor-top-column elementor-element elementor-element-7fe8031e\" data-id=\"7fe8031e\" data-element_type=\"column\" data-e-type=\"column\">\n\t\t\t<div class=\"elementor-widget-wrap elementor-element-populated\">\n\t\t\t\t\t\t<section class=\"elementor-section elementor-inner-section elementor-element elementor-element-ddd0a6c elementor-section-boxed elementor-section-height-default elementor-section-height-default\" data-id=\"ddd0a6c\" data-element_type=\"section\" data-e-type=\"section\">\n\t\t\t\t\t\t<div class=\"elementor-container elementor-column-gap-default\">\n\t\t\t\t\t<div class=\"elementor-column elementor-col-50 elementor-inner-column elementor-element elementor-element-eac414c\" data-id=\"eac414c\" data-element_type=\"column\" data-e-type=\"column\">\n\t\t\t<div class=\"elementor-widget-wrap elementor-element-populated\">\n\t\t\t\t\t\t<div class=\"elementor-element elementor-element-665ecbe elementor-widget elementor-widget-text-editor\" data-id=\"665ecbe\" data-element_type=\"widget\" data-e-type=\"widget\" data-widget_type=\"text-editor.default\">\n\t\t\t\t<div class=\"elementor-widget-container\">\n\t\t\t\t\t\t\t\t\t<p>Sehr geehrte Patientinnen und Patienten,<\/p><p>wir hoffen, dass es Ihnen Jahr der heutigen OP gut geht. In dringenden F\u00e4llen melden Sie sich au\u00dferhalb der Praxiszeiten bitte bei Ihrem Operateur. Die Mobilnummer haben Sie bekommen. Ansonsten melden Sie sich bitte in der Praxis oder in \u00a0Notf\u00e4llen in der Notaufnahme des Klinikums Salzdahlumer Str. (Tel. 0531 &#8211; 595 2500).<\/p><p>Wenn nichts anderes mit Ihnen vereinbart wurde, findet am n\u00e4chsten Werktag (Mo-Fr.) eine Wundkontrolle \/ Ultraschalluntersuchung statt.<\/p><p>Arbeitsunf\u00e4higkeitsbescheinigungen erhalten Sie auch an dem Termin (Ausnahme: Nach Vasektomie-Operationen d\u00fcrfen wir keine Arbeitsunf\u00e4higkeitsbescheinigung ausstellen)<\/p>\t\t\t\t\t\t\t\t<\/div>\n\t\t\t\t<\/div>\n\t\t\t\t\t<\/div>\n\t\t<\/div>\n\t\t\t\t<div class=\"elementor-column elementor-col-50 elementor-inner-column elementor-element elementor-element-58ba125\" data-id=\"58ba125\" data-element_type=\"column\" data-e-type=\"column\">\n\t\t\t<div class=\"elementor-widget-wrap elementor-element-populated\">\n\t\t\t\t\t\t<div class=\"elementor-element elementor-element-cc496d0 elementor-widget elementor-widget-heading\" data-id=\"cc496d0\" data-element_type=\"widget\" data-e-type=\"widget\" data-widget_type=\"heading.default\">\n\t\t\t\t<div class=\"elementor-widget-container\">\n\t\t\t\t\t<h6 class=\"elementor-heading-title elementor-size-default\">Hier finden Sie weitere Hinweise zu dem bei Ihnen durchgef\u00fchrten Eingriff:<\/h6>\t\t\t\t<\/div>\n\t\t\t\t<\/div>\n\t\t\t\t<div class=\"elementor-element elementor-element-632a43d elementor-widget elementor-widget-toggle\" data-id=\"632a43d\" data-element_type=\"widget\" data-e-type=\"widget\" data-widget_type=\"toggle.default\">\n\t\t\t\t<div class=\"elementor-widget-container\">\n\t\t\t\t\t\t\t<div class=\"elementor-toggle\">\n\t\t\t\t\t\t\t<div class=\"elementor-toggle-item\">\n\t\t\t\t\t<div id=\"elementor-tab-title-1031\" class=\"elementor-tab-title\" data-tab=\"1\" role=\"button\" aria-controls=\"elementor-tab-content-1031\" aria-expanded=\"false\">\n\t\t\t\t\t\t\t\t\t\t\t\t<span class=\"elementor-toggle-icon elementor-toggle-icon-left\" aria-hidden=\"true\">\n\t\t\t\t\t\t\t\t\t\t\t\t\t\t\t<span class=\"elementor-toggle-icon-closed\"><i class=\"fas fa-caret-right\"><\/i><\/span>\n\t\t\t\t\t\t\t\t<span class=\"elementor-toggle-icon-opened\"><i class=\"elementor-toggle-icon-opened fas fa-caret-up\"><\/i><\/span>\n\t\t\t\t\t\t\t\t\t\t\t\t\t<\/span>\n\t\t\t\t\t\t\t\t\t\t\t\t<a class=\"elementor-toggle-title\" tabindex=\"0\">ESWL : Sto\u00dfwellenbehandlung von Nierensteinen<\/a>\n\t\t\t\t\t<\/div>\n\n\t\t\t\t\t<div id=\"elementor-tab-content-1031\" class=\"elementor-tab-content elementor-clearfix\" data-tab=\"1\" role=\"region\" aria-labelledby=\"elementor-tab-title-1031\"><ul><li>Blut im Urin ist beim ersten Mal Wasserlassen normal, sollte dann aber im Laufe des OP-Tages deutlich weniger werden.\u00a0<\/li><li>Bitte filtern Sie den Urin (Filter haben Sie erhalten), um m\u00f6gliche Steinfragmente aufzufangen und sp\u00e4ter in unserem Labor zu analysieren.<\/li><li>Bei Schmerzen nehmen Sie bitte Paracetamol oder das rezeptierte Schmerzmittel Metamizol (Novalgin<span style=\"font-family: var( --e-global-typography-text-font-family ), Sans-serif; font-size: var(--bodyfontsize); letter-spacing: var(--bodyletterspacing); text-transform: var(--bodytexttransform);\">\u00ae)<\/span><\/li><li>Bei Kolikschmerzen in Kombination mit Fieber melden Sie sich bitte umgehend in der Notaufnahme des Klinikum Salzdahlumer Str. Tel.: 0531 595 2500<\/li><li>In der Regel am n\u00e4chsten Werktag haben Sie bei uns einen Termin zur Ultraschallkontrolle.<\/li><\/ul><\/div>\n\t\t\t\t<\/div>\n\t\t\t\t\t\t\t<div class=\"elementor-toggle-item\">\n\t\t\t\t\t<div id=\"elementor-tab-title-1032\" class=\"elementor-tab-title\" data-tab=\"2\" role=\"button\" aria-controls=\"elementor-tab-content-1032\" aria-expanded=\"false\">\n\t\t\t\t\t\t\t\t\t\t\t\t<span class=\"elementor-toggle-icon elementor-toggle-icon-left\" aria-hidden=\"true\">\n\t\t\t\t\t\t\t\t\t\t\t\t\t\t\t<span class=\"elementor-toggle-icon-closed\"><i class=\"fas fa-caret-right\"><\/i><\/span>\n\t\t\t\t\t\t\t\t<span class=\"elementor-toggle-icon-opened\"><i class=\"elementor-toggle-icon-opened fas fa-caret-up\"><\/i><\/span>\n\t\t\t\t\t\t\t\t\t\t\t\t\t<\/span>\n\t\t\t\t\t\t\t\t\t\t\t\t<a class=\"elementor-toggle-title\" tabindex=\"0\">Vasektomie \/ Sterilisations-OP<\/a>\n\t\t\t\t\t<\/div>\n\n\t\t\t\t\t<div id=\"elementor-tab-content-1032\" class=\"elementor-tab-content elementor-clearfix\" data-tab=\"2\" role=\"region\" aria-labelledby=\"elementor-tab-title-1032\"><div>&nbsp;<\/div>\n<div>1. Bitte &nbsp;bis 10-14 Tage nach OP nicht Joggen oder Fahrradfahren!&nbsp; Wundpflaster k\u00f6nnen nach 4 Tagen weggelassen werden.<\/div>\n<div>2. Bitte 5 &nbsp;Tage nach OP keinen Geschlechtsverkehr!<\/div>\n<div>3. Die F\u00e4den l\u00f6sen sich nach 2-3 Wochen auf; &nbsp;ggf selber herauszupfen (ohne Schere)!<\/div>\n<div>4. Sie d\u00fcrfen Heben, z.B. Kinder, aber bitte nicht schwer arbeiten!<\/div>\n<div>5. Duschen d\u00fcrfen Sie ab dem zweiten Tag nach OP (48 h) nach OP! Vollbad \/Schwimmbad bitte erst nach Abschluss der Wundheilung (ca. 2 Wochen)<\/div>\n<div>6. Bitte nach <span style=\"text-decoration: underline;\">fr\u00fchestens<\/span> &nbsp;6 Wochen nach OP <span style=\"text-decoration: underline;\">und<\/span> 20 Ejakulationen eine Spermaprobe abgeben (die Becher bekommen Sie mit)! Die Probe soll nicht \u00e4lter als eine Stunde sein. Sie k\u00f6nnen die Probe ohne Termin hereinreichen im Schlosscarree BS (Ritterbrunnen 7) &nbsp;tgl. 8-14 Uhr , Fr &nbsp;bis &nbsp;13 Uhr , oder in der Zweigpraxis Wolfenb\u00fcttel (Neuer Weg 51c) &nbsp;Mo-Mi 8-13 Uhr nach telefonischer Terminvereinbarung. Bitte nutzen Sie hierf\u00fcr nicht die Terminbuchung \u00fcber unsere Homepage. Bitte geben Sie eine zweite Probe 1-3 Wochen sp\u00e4ter ab! Danach rufe ich Sie an (evtl. anonym, private Nummer, o.\u00e4,\u2026)&nbsp;<\/div>\n<div>7. Verh\u00fcten Sie bitte weiterhin, bis ich Sie anrufe! &nbsp;<\/div>\n<div>8. Falls Probleme bestehen, rufen Sie mich bitte an (meine Handynummer haben Sie)!&nbsp;<\/div>\n<div>9. Wir als gesamtes Team hoffen, dass Sie mit der OP sowie dem gesamten Ablauf zufrieden waren. Sollten Sie Kritikpunkte haben, sprechen Sie uns bitte pers\u00f6nlich an oder schreiben eine Mail an unsere Mitarbeiterin Frau Hatic (hatic@schlosscarree.de). \u00dcber positive R\u00fcckmeldungen freuen wir uns auch, z.B. als Bewertung bei google, jameda oder anderen Portalen.<\/div>\n<div>&nbsp;<\/div>\n<div>Vielen Dank!&nbsp;<\/div><\/div>\n\t\t\t\t<\/div>\n\t\t\t\t\t\t\t<div class=\"elementor-toggle-item\">\n\t\t\t\t\t<div id=\"elementor-tab-title-1033\" class=\"elementor-tab-title\" data-tab=\"3\" role=\"button\" aria-controls=\"elementor-tab-content-1033\" aria-expanded=\"false\">\n\t\t\t\t\t\t\t\t\t\t\t\t<span class=\"elementor-toggle-icon elementor-toggle-icon-left\" aria-hidden=\"true\">\n\t\t\t\t\t\t\t\t\t\t\t\t\t\t\t<span class=\"elementor-toggle-icon-closed\"><i class=\"fas fa-caret-right\"><\/i><\/span>\n\t\t\t\t\t\t\t\t<span class=\"elementor-toggle-icon-opened\"><i class=\"elementor-toggle-icon-opened fas fa-caret-up\"><\/i><\/span>\n\t\t\t\t\t\t\t\t\t\t\t\t\t<\/span>\n\t\t\t\t\t\t\t\t\t\t\t\t<a class=\"elementor-toggle-title\" tabindex=\"0\">Probenentnahme (Biopsie) aus der Prostata <\/a>\n\t\t\t\t\t<\/div>\n\n\t\t\t\t\t<div id=\"elementor-tab-content-1033\" class=\"elementor-tab-content elementor-clearfix\" data-tab=\"3\" role=\"region\" aria-labelledby=\"elementor-tab-title-1033\"><ul><li>Bitte am Tag der Biopsie k\u00f6rperliche Schonung einhalten<\/li><li>Am Abend der Biopsie und am Folgetag bitte das rezeptierte Antibiotikum einnehmen<\/li><li>Blutverd\u00fcnner d\u00fcrfen Sie ab dem Folgetag wieder einnehmen<\/li><li>Blut im Urin kann am Tag des Eingriffs und auch unregelm\u00e4\u00dfig in den n\u00e4chsten Tagen auftreten.<\/li><li>Blut im Ejakulat ist bei &gt;60% der M\u00e4nner noch nach 4 Wochen pr\u00e4sent.<\/li><li>Bei Fieber oder Unwohlsein melden Sie sich bitte direkt bei uns.<\/li><li>In der Regel haben wir mit Ihnen einen Termin zur Befundbesprechung eine Woche nach der Probenentnahme vereinbart. Gerne darf Ihre Partnerin an dem Termin teilnehmen.<\/li><\/ul><\/div>\n\t\t\t\t<\/div>\n\t\t\t\t\t\t\t<div class=\"elementor-toggle-item\">\n\t\t\t\t\t<div id=\"elementor-tab-title-1034\" class=\"elementor-tab-title\" data-tab=\"4\" role=\"button\" aria-controls=\"elementor-tab-content-1034\" aria-expanded=\"false\">\n\t\t\t\t\t\t\t\t\t\t\t\t<span class=\"elementor-toggle-icon elementor-toggle-icon-left\" aria-hidden=\"true\">\n\t\t\t\t\t\t\t\t\t\t\t\t\t\t\t<span class=\"elementor-toggle-icon-closed\"><i class=\"fas fa-caret-right\"><\/i><\/span>\n\t\t\t\t\t\t\t\t<span class=\"elementor-toggle-icon-opened\"><i class=\"elementor-toggle-icon-opened fas fa-caret-up\"><\/i><\/span>\n\t\t\t\t\t\t\t\t\t\t\t\t\t<\/span>\n\t\t\t\t\t\t\t\t\t\t\t\t<a class=\"elementor-toggle-title\" tabindex=\"0\">Operationen am Penis \/ Hoden<\/a>\n\t\t\t\t\t<\/div>\n\n\t\t\t\t\t<div id=\"elementor-tab-content-1034\" class=\"elementor-tab-content elementor-clearfix\" data-tab=\"4\" role=\"region\" aria-labelledby=\"elementor-tab-title-1034\"><ul><li>Bitte das OP -Gebiet am OP Tag immer wieder k\u00fchlen (bitte keine K\u00fchl-Akku oder Eis direkt auf die Haut legen!)<\/li><li>Bitte k\u00f6rperliche Schonung einhalten<\/li><li>Der Verband nach einer Vorhautbeschneidung wird beim Wasserlassen na\u00df: Das ist nicht schlimm und kein Grund, den Verband zu wechseln.<\/li><li>Der Verband nach einer Vorhautbeschneidung l\u00f6st sich von alleine ab: Kein Grund zur Beunruhigung. Wenn vorhanden, bitte mit sauberen Kompressen abdecken.<\/li><li>Die Wundkontrolle und der Verbandwechsel \u00a0finden am n\u00e4chsten Tag bei uns in der Praxis statt.<\/li><li>Die F\u00e4den l\u00f6sen sich von alleine nach 2-3 Wochen auf und fallen dann ab. Sie brauchen nicht zum F\u00e4denziehen zu uns zu kommen.<\/li><li>Sollten Sie innerhalb der ersten drei Wochen Beschwerden haben, melden Sie sich bitte f\u00fcr einen kurzfristigen Termin zur Wundkontrolle<\/li><\/ul><\/div>\n\t\t\t\t<\/div>\n\t\t\t\t\t\t\t\t<\/div>\n\t\t\t\t\t\t<\/div>\n\t\t\t\t<\/div>\n\t\t\t\t\t<\/div>\n\t\t<\/div>\n\t\t\t\t\t<\/div>\n\t\t<\/section>\n\t\t\t\t\t<\/div>\n\t\t<\/div>\n\t\t\t\t\t<\/div>\n\t\t<\/section>\n\t\t\t\t<\/div>\n\t\t","protected":false},"excerpt":{"rendered":"<p>Hinweise nach Ihrer OP Sehr geehrte Patientinnen und Patienten, wir hoffen, dass es Ihnen Jahr der heutigen OP gut geht. In dringenden F\u00e4llen melden Sie sich au\u00dferhalb der Praxiszeiten bitte bei Ihrem Operateur. Die Mobilnummer haben Sie bekommen. Ansonsten melden Sie sich bitte in der Praxis oder in \u00a0Notf\u00e4llen in der Notaufnahme des Klinikums Salzdahlumer [&hellip;]<\/p>\n","protected":false},"author":2,"featured_media":0,"parent":0,"menu_order":0,"comment_status":"closed","ping_status":"closed","template":"","meta":{"footnotes":""},"class_list":["post-2883","page","type-page","status-publish","hentry"],"aioseo_notices":[],"_links":{"self":[{"href":"https:\/\/www.schlosscarree.de\/urologie\/wp-json\/wp\/v2\/pages\/2883","targetHints":{"allow":["GET"]}}],"collection":[{"href":"https:\/\/www.schlosscarree.de\/urologie\/wp-json\/wp\/v2\/pages"}],"about":[{"href":"https:\/\/www.schlosscarree.de\/urologie\/wp-json\/wp\/v2\/types\/page"}],"author":[{"embeddable":true,"href":"https:\/\/www.schlosscarree.de\/urologie\/wp-json\/wp\/v2\/users\/2"}],"replies":[{"embeddable":true,"href":"https:\/\/www.schlosscarree.de\/urologie\/wp-json\/wp\/v2\/comments?post=2883"}],"version-history":[{"count":39,"href":"https:\/\/www.schlosscarree.de\/urologie\/wp-json\/wp\/v2\/pages\/2883\/revisions"}],"predecessor-version":[{"id":3934,"href":"https:\/\/www.schlosscarree.de\/urologie\/wp-json\/wp\/v2\/pages\/2883\/revisions\/3934"}],"wp:attachment":[{"href":"https:\/\/www.schlosscarree.de\/urologie\/wp-json\/wp\/v2\/media?parent=2883"}],"curies":[{"name":"wp","href":"https:\/\/api.w.org\/{rel}","templated":true}]}}