{"id":6,"date":"2016-07-08T11:40:03","date_gmt":"2016-07-08T09:40:03","guid":{"rendered":"http:\/\/www.schlosscarree.de\/urologie\/?page_id=6"},"modified":"2025-06-03T14:23:21","modified_gmt":"2025-06-03T12:23:21","slug":"praxis","status":"publish","type":"page","link":"https:\/\/www.schlosscarree.de\/urologie\/praxis\/","title":{"rendered":"Praxis"},"content":{"rendered":"\t\t<div data-elementor-type=\"wp-page\" data-elementor-id=\"6\" class=\"elementor elementor-6\" data-elementor-post-type=\"page\">\n\t\t\t\t\t\t<section class=\"elementor-section elementor-top-section elementor-element elementor-element-69404b0 elementor-section-boxed elementor-section-height-default elementor-section-height-default\" data-id=\"69404b0\" data-element_type=\"section\" data-e-type=\"section\">\n\t\t\t\t\t\t<div class=\"elementor-container elementor-column-gap-default\">\n\t\t\t\t\t<div class=\"elementor-column elementor-col-100 elementor-top-column elementor-element elementor-element-522a4b7\" data-id=\"522a4b7\" data-element_type=\"column\" data-e-type=\"column\">\n\t\t\t<div class=\"elementor-widget-wrap elementor-element-populated\">\n\t\t\t\t\t\t<section class=\"elementor-section elementor-inner-section elementor-element elementor-element-968aeb9 elementor-section-boxed elementor-section-height-default elementor-section-height-default\" data-id=\"968aeb9\" data-element_type=\"section\" data-e-type=\"section\">\n\t\t\t\t\t\t<div class=\"elementor-container elementor-column-gap-default\">\n\t\t\t\t\t<div class=\"elementor-column elementor-col-50 elementor-inner-column elementor-element elementor-element-5d85138\" data-id=\"5d85138\" data-element_type=\"column\" data-e-type=\"column\">\n\t\t\t<div class=\"elementor-widget-wrap elementor-element-populated\">\n\t\t\t\t\t\t<div class=\"elementor-element elementor-element-457e3a68 elementor-widget elementor-widget-text-editor\" data-id=\"457e3a68\" data-element_type=\"widget\" data-e-type=\"widget\" data-widget_type=\"text-editor.default\">\n\t\t\t\t<div class=\"elementor-widget-container\">\n\t\t\t\t\t\t\t\t\t<p><strong>Standort Schlosscarree Braunschweig:<\/strong><\/p><p>In dem 2008 neu gebauten <b>Schlosscarr\u00e9e<\/b> befindet sich unsere <b>Praxis im 5. OG.<\/b><\/p><p>In unseren Praxisr\u00e4umen besitzen wir ein <b>modernes Labor<\/b>, einen gut ausgestatteten <b>Endoskopieraum mit flexiblen\u00a0<\/b><span style=\"font-weight: 600;\">Video-Endoskopen und\u00a0<\/span>\u00a0drei <b>Ultraschallger\u00e4te.<\/b><\/p><p>Sie erreichen uns barrierefrei und bequem mit dem Aufzug. <b>Parkpl\u00e4tze<\/b> finden Sie in der Tiefgarage des Schlosscarree. Bitte lassen Sie Ihren <b>Parkschein<\/b> bei uns abstempeln und in der Bohlweg-Apotheke entwerten, die erste Stunde Parken ist dann f\u00fcr Sie <b>kostenfrei<\/b>. Weitere Parkm\u00f6glichkeiten sind in den &#8222;Schloss-Arkaden&#8220; oder im Parkhaus Wilhelmstra\u00dfe. Mit Bus und Stra\u00dfenbahn nehmen Sie bitte die <b>Haltestelle &#8222;Rathaus&#8220;<\/b>.<\/p><p><strong>Standort Wolfenb\u00fcttel:<\/strong><\/p><p>Direkt neben dem Klinikum Wolfenb\u00fcttel befindet sich das \u00c4rztehaus Med51; hier ist nun im Sommer 2021 ein weiteres \u00c4rztehaus entstanden. In der 2.Etage finden Sie unsere Praxis, die derzeit von Montags bis Mittwoch sowie am Freitag von 8-15 Uhr ge\u00f6ffnet ist. In unserer Au\u00dfenstelle f\u00fchren wir Laboruntersuchungen und Blutentnahmen sowie Ultraschalluntersuchungen und Probenentnahmen der Prostata (Biopsie) durch.<\/p>\t\t\t\t\t\t\t\t<\/div>\n\t\t\t\t<\/div>\n\t\t\t\t\t<\/div>\n\t\t<\/div>\n\t\t\t\t<div class=\"elementor-column elementor-col-50 elementor-inner-column elementor-element elementor-element-f8d6325\" data-id=\"f8d6325\" data-element_type=\"column\" data-e-type=\"column\">\n\t\t\t<div class=\"elementor-widget-wrap elementor-element-populated\">\n\t\t\t\t\t\t<div class=\"elementor-element elementor-element-7d80ede elementor-widget elementor-widget-image\" data-id=\"7d80ede\" data-element_type=\"widget\" data-e-type=\"widget\" data-widget_type=\"image.default\">\n\t\t\t\t<div class=\"elementor-widget-container\">\n\t\t\t\t\t\t\t\t\t\t\t\t\t\t\t<img fetchpriority=\"high\" decoding=\"async\" width=\"420\" height=\"245\" src=\"https:\/\/www.schlosscarree.de\/urologie\/wp-content\/uploads\/2016\/07\/video-imagefilm.jpg\" class=\"attachment-full size-full wp-image-130\" alt=\"\" srcset=\"https:\/\/www.schlosscarree.de\/urologie\/wp-content\/uploads\/2016\/07\/video-imagefilm.jpg 420w, https:\/\/www.schlosscarree.de\/urologie\/wp-content\/uploads\/2016\/07\/video-imagefilm-300x175.jpg 300w\" sizes=\"(max-width: 420px) 100vw, 420px\" \/>\t\t\t\t\t\t\t\t\t\t\t\t\t\t\t<\/div>\n\t\t\t\t<\/div>\n\t\t\t\t\t<\/div>\n\t\t<\/div>\n\t\t\t\t\t<\/div>\n\t\t<\/section>\n\t\t\t\t\t<\/div>\n\t\t<\/div>\n\t\t\t\t\t<\/div>\n\t\t<\/section>\n\t\t\t\t<\/div>\n\t\t","protected":false},"excerpt":{"rendered":"<p>Standort Schlosscarree Braunschweig: In dem 2008 neu gebauten Schlosscarr\u00e9e befindet sich unsere Praxis im 5. OG. In unseren Praxisr\u00e4umen besitzen wir ein modernes Labor, einen gut ausgestatteten Endoskopieraum mit flexiblen\u00a0Video-Endoskopen und\u00a0\u00a0drei Ultraschallger\u00e4te. Sie erreichen uns barrierefrei und bequem mit dem Aufzug. Parkpl\u00e4tze finden Sie in der Tiefgarage des Schlosscarree. Bitte lassen Sie Ihren Parkschein bei [&hellip;]<\/p>\n","protected":false},"author":1,"featured_media":0,"parent":0,"menu_order":0,"comment_status":"closed","ping_status":"closed","template":"","meta":{"footnotes":""},"class_list":["post-6","page","type-page","status-publish","hentry"],"aioseo_notices":[],"_links":{"self":[{"href":"https:\/\/www.schlosscarree.de\/urologie\/wp-json\/wp\/v2\/pages\/6","targetHints":{"allow":["GET"]}}],"collection":[{"href":"https:\/\/www.schlosscarree.de\/urologie\/wp-json\/wp\/v2\/pages"}],"about":[{"href":"https:\/\/www.schlosscarree.de\/urologie\/wp-json\/wp\/v2\/types\/page"}],"author":[{"embeddable":true,"href":"https:\/\/www.schlosscarree.de\/urologie\/wp-json\/wp\/v2\/users\/1"}],"replies":[{"embeddable":true,"href":"https:\/\/www.schlosscarree.de\/urologie\/wp-json\/wp\/v2\/comments?post=6"}],"version-history":[{"count":15,"href":"https:\/\/www.schlosscarree.de\/urologie\/wp-json\/wp\/v2\/pages\/6\/revisions"}],"predecessor-version":[{"id":3562,"href":"https:\/\/www.schlosscarree.de\/urologie\/wp-json\/wp\/v2\/pages\/6\/revisions\/3562"}],"wp:attachment":[{"href":"https:\/\/www.schlosscarree.de\/urologie\/wp-json\/wp\/v2\/media?parent=6"}],"curies":[{"name":"wp","href":"https:\/\/api.w.org\/{rel}","templated":true}]}}